{"id":3277,"date":"2021-06-28T17:23:11","date_gmt":"2021-06-28T17:23:11","guid":{"rendered":"https:\/\/www.spirit-of-sylt.com\/shop\/?post_type=product&#038;p=3277"},"modified":"2021-10-12T07:13:07","modified_gmt":"2021-10-12T07:13:07","slug":"sos-beach-kette-magenta-beere","status":"publish","type":"product","link":"https:\/\/www.spirit-of-sylt.com\/shop\/produkt\/sos-beach-kette-magenta-beere\/","title":{"rendered":"SOS Beach-Kette &#8222;Magenta &#038; Beere&#8220;"},"content":{"rendered":"<p>Alle unsere Ketten werden von uns auf Sylt handgefertigt. Mit viel Liebe zum Detail wird jede Halskette individuell per Hand geflochten und mit einer gestanzten M\u00fcnze versehen.<\/p>\n<p>&nbsp;<\/p>\n<p><strong>SOS-M\u00fcnze: <\/strong>Aluminium<\/p>\n<p><strong>Material Verschluss:<\/strong> Metall versilbert<\/p>\n<p><strong>Material Band:<\/strong> Baumwolle<\/p>\n<p><strong>L\u00e4nge Band:<\/strong> ca. 30cm<\/p>\n<p><strong>Durchmesser Band:<\/strong>\u00a0ca. 3mm<\/p>\n<p><strong>Farbe:<\/strong> Magenta und Beere<\/p>\n","protected":false},"excerpt":{"rendered":"<p>Alle unsere Ketten werden von uns auf Sylt handgefertigt. Mit viel Liebe zum Detail wird jede Halskette individuell per Hand geflochten und mit einer gestanzten M\u00fcnze versehen. &nbsp; SOS-M\u00fcnze: Aluminium Material Verschluss: Metall versilbert Material Band: Baumwolle L\u00e4nge Band: ca. 30cm Durchmesser Band:\u00a0ca. 3mm Farbe: Magenta und Beere<\/p>\n","protected":false},"featured_media":3278,"comment_status":"closed","ping_status":"closed","template":"","meta":{"_monsterinsights_skip_tracking":false,"_monsterinsights_sitenote_active":false,"_monsterinsights_sitenote_note":"","_monsterinsights_sitenote_category":0},"product_brand":[],"product_cat":[48],"product_tag":[],"class_list":{"0":"post-3277","1":"product","2":"type-product","3":"status-publish","4":"has-post-thumbnail","6":"product_cat-schmuck","7":"product_shipping_class-schmuck","9":"first","10":"instock","11":"taxable","12":"shipping-taxable","13":"purchasable","14":"product-type-simple"},"yoast_head":"<!-- This site is optimized with the Yoast SEO plugin v25.8 - https:\/\/yoast.com\/wordpress\/plugins\/seo\/ -->\n<title>SOS Beach-Kette &quot;Magenta &amp; Beere&quot; - SOS SPIRIT of SYLT Shop Sylt -<\/title>\n<meta name=\"description\" content=\"Alle Ketten von SPIRIT of SYLT werden auf Sylt individuell per Hand geflochten und mit einer gestanzten M\u00fcnze versehen.\" \/>\n<meta name=\"robots\" content=\"index, follow, max-snippet:-1, max-image-preview:large, max-video-preview:-1\" \/>\n<link rel=\"canonical\" href=\"https:\/\/www.spirit-of-sylt.com\/shop\/produkt\/sos-beach-kette-magenta-beere\/\" \/>\n<meta property=\"og:locale\" content=\"de_DE\" \/>\n<meta property=\"og:type\" content=\"article\" \/>\n<meta property=\"og:title\" content=\"SPIRIT of SYLT Halskette\" \/>\n<meta property=\"og:description\" content=\"Alle Ketten von SPIRIT of SYLT werden auf Sylt individuell per Hand geflochten und mit einer gestanzten M\u00fcnze versehen.\" \/>\n<meta property=\"og:url\" content=\"https:\/\/www.spirit-of-sylt.com\/shop\/produkt\/sos-beach-kette-magenta-beere\/\" \/>\n<meta property=\"og:site_name\" content=\"SOS SPIRIT of SYLT Shop\" \/>\n<meta property=\"article:publisher\" content=\"https:\/\/www.facebook.com\/Spirit.of.Sylt.Livesyle.Shop\" \/>\n<meta property=\"article:modified_time\" content=\"2021-10-12T07:13:07+00:00\" \/>\n<meta property=\"og:image\" content=\"https:\/\/www.spirit-of-sylt.com\/shop\/wp-content\/uploads\/2021\/06\/SPIRIT_of_SYLT_Halskette_r_b_2-1024x1024.jpg\" \/>\n\t<meta property=\"og:image:width\" content=\"1024\" \/>\n\t<meta property=\"og:image:height\" content=\"1024\" \/>\n\t<meta property=\"og:image:type\" content=\"image\/jpeg\" \/>\n<meta name=\"twitter:card\" content=\"summary_large_image\" \/>\n<meta name=\"twitter:title\" content=\"SPIRIT of SYLT Halskette\" \/>\n<meta name=\"twitter:description\" content=\"Alle Ketten von SPIRIT of SYLT werden auf Sylt individuell per Hand geflochten und mit einer gestanzten M\u00fcnze versehen.\" \/>\n<meta name=\"twitter:image\" content=\"https:\/\/www.spirit-of-sylt.com\/shop\/wp-content\/uploads\/2021\/06\/SPIRIT_of_SYLT_Halskette_r_b_2.jpg\" \/>\n<meta name=\"twitter:label1\" content=\"Gesch\u00e4tzte Lesezeit\" \/>\n\t<meta name=\"twitter:data1\" content=\"1\u00a0Minute\" \/>\n<script type=\"application\/ld+json\" class=\"yoast-schema-graph\">{\"@context\":\"https:\/\/schema.org\",\"@graph\":[{\"@type\":\"WebPage\",\"@id\":\"https:\/\/www.spirit-of-sylt.com\/shop\/produkt\/sos-beach-kette-magenta-beere\/\",\"url\":\"https:\/\/www.spirit-of-sylt.com\/shop\/produkt\/sos-beach-kette-magenta-beere\/\",\"name\":\"SOS Beach-Kette \\\"Magenta & Beere\\\" - SOS SPIRIT of SYLT Shop Sylt -\",\"isPartOf\":{\"@id\":\"https:\/\/www.spirit-of-sylt.com\/shop\/#website\"},\"primaryImageOfPage\":{\"@id\":\"https:\/\/www.spirit-of-sylt.com\/shop\/produkt\/sos-beach-kette-magenta-beere\/#primaryimage\"},\"image\":{\"@id\":\"https:\/\/www.spirit-of-sylt.com\/shop\/produkt\/sos-beach-kette-magenta-beere\/#primaryimage\"},\"thumbnailUrl\":\"https:\/\/www.spirit-of-sylt.com\/shop\/wp-content\/uploads\/2021\/06\/SPIRIT_of_SYLT_Halskette_r_b_1.jpg\",\"datePublished\":\"2021-06-28T17:23:11+00:00\",\"dateModified\":\"2021-10-12T07:13:07+00:00\",\"description\":\"Alle Ketten von SPIRIT of SYLT werden auf Sylt individuell per Hand geflochten und mit einer gestanzten M\u00fcnze versehen.\",\"breadcrumb\":{\"@id\":\"https:\/\/www.spirit-of-sylt.com\/shop\/produkt\/sos-beach-kette-magenta-beere\/#breadcrumb\"},\"inLanguage\":\"de\",\"potentialAction\":[{\"@type\":\"ReadAction\",\"target\":[\"https:\/\/www.spirit-of-sylt.com\/shop\/produkt\/sos-beach-kette-magenta-beere\/\"]}]},{\"@type\":\"ImageObject\",\"inLanguage\":\"de\",\"@id\":\"https:\/\/www.spirit-of-sylt.com\/shop\/produkt\/sos-beach-kette-magenta-beere\/#primaryimage\",\"url\":\"https:\/\/www.spirit-of-sylt.com\/shop\/wp-content\/uploads\/2021\/06\/SPIRIT_of_SYLT_Halskette_r_b_1.jpg\",\"contentUrl\":\"https:\/\/www.spirit-of-sylt.com\/shop\/wp-content\/uploads\/2021\/06\/SPIRIT_of_SYLT_Halskette_r_b_1.jpg\",\"width\":1500,\"height\":1500},{\"@type\":\"BreadcrumbList\",\"@id\":\"https:\/\/www.spirit-of-sylt.com\/shop\/produkt\/sos-beach-kette-magenta-beere\/#breadcrumb\",\"itemListElement\":[{\"@type\":\"ListItem\",\"position\":1,\"name\":\"Startseite\",\"item\":\"https:\/\/www.spirit-of-sylt.com\/shop\/\"},{\"@type\":\"ListItem\",\"position\":2,\"name\":\"Produkte\",\"item\":\"https:\/\/www.spirit-of-sylt.com\/shop\/shop\/\"},{\"@type\":\"ListItem\",\"position\":3,\"name\":\"SOS Beach-Kette &#8222;Magenta &#038; Beere&#8220;\"}]},{\"@type\":\"WebSite\",\"@id\":\"https:\/\/www.spirit-of-sylt.com\/shop\/#website\",\"url\":\"https:\/\/www.spirit-of-sylt.com\/shop\/\",\"name\":\"SPIRIT of SYLT Shop\",\"description\":\"Spirits, fashion &amp; more\",\"publisher\":{\"@id\":\"https:\/\/www.spirit-of-sylt.com\/shop\/#organization\"},\"potentialAction\":[{\"@type\":\"SearchAction\",\"target\":{\"@type\":\"EntryPoint\",\"urlTemplate\":\"https:\/\/www.spirit-of-sylt.com\/shop\/?s={search_term_string}\"},\"query-input\":{\"@type\":\"PropertyValueSpecification\",\"valueRequired\":true,\"valueName\":\"search_term_string\"}}],\"inLanguage\":\"de\"},{\"@type\":\"Organization\",\"@id\":\"https:\/\/www.spirit-of-sylt.com\/shop\/#organization\",\"name\":\"SPIRIT of SYLT\",\"url\":\"https:\/\/www.spirit-of-sylt.com\/shop\/\",\"logo\":{\"@type\":\"ImageObject\",\"inLanguage\":\"de\",\"@id\":\"https:\/\/www.spirit-of-sylt.com\/shop\/#\/schema\/logo\/image\/\",\"url\":\"https:\/\/www.spirit-of-sylt.com\/shop\/wp-content\/uploads\/2019\/07\/Logo_SOS_SHOP_NEU_2.jpg\",\"contentUrl\":\"https:\/\/www.spirit-of-sylt.com\/shop\/wp-content\/uploads\/2019\/07\/Logo_SOS_SHOP_NEU_2.jpg\",\"width\":1417,\"height\":409,\"caption\":\"SPIRIT of SYLT\"},\"image\":{\"@id\":\"https:\/\/www.spirit-of-sylt.com\/shop\/#\/schema\/logo\/image\/\"},\"sameAs\":[\"https:\/\/www.facebook.com\/Spirit.of.Sylt.Livesyle.Shop\",\"https:\/\/www.youtube.com\/channel\/UCCi3vslS2xWVD-ieL-eVymQ\"]}]}<\/script>\n<!-- \/ Yoast SEO plugin. -->","yoast_head_json":{"title":"SOS Beach-Kette \"Magenta & Beere\" - SOS SPIRIT of SYLT Shop Sylt -","description":"Alle Ketten von SPIRIT of SYLT werden auf Sylt individuell per Hand geflochten und mit einer gestanzten M\u00fcnze versehen.","robots":{"index":"index","follow":"follow","max-snippet":"max-snippet:-1","max-image-preview":"max-image-preview:large","max-video-preview":"max-video-preview:-1"},"canonical":"https:\/\/www.spirit-of-sylt.com\/shop\/produkt\/sos-beach-kette-magenta-beere\/","og_locale":"de_DE","og_type":"article","og_title":"SPIRIT of SYLT Halskette","og_description":"Alle Ketten von SPIRIT of SYLT werden auf Sylt individuell per Hand geflochten und mit einer gestanzten M\u00fcnze versehen.","og_url":"https:\/\/www.spirit-of-sylt.com\/shop\/produkt\/sos-beach-kette-magenta-beere\/","og_site_name":"SOS SPIRIT of SYLT Shop","article_publisher":"https:\/\/www.facebook.com\/Spirit.of.Sylt.Livesyle.Shop","article_modified_time":"2021-10-12T07:13:07+00:00","og_image":[{"width":1024,"height":1024,"url":"https:\/\/www.spirit-of-sylt.com\/shop\/wp-content\/uploads\/2021\/06\/SPIRIT_of_SYLT_Halskette_r_b_2-1024x1024.jpg","type":"image\/jpeg"}],"twitter_card":"summary_large_image","twitter_title":"SPIRIT of SYLT Halskette","twitter_description":"Alle Ketten von SPIRIT of SYLT werden auf Sylt individuell per Hand geflochten und mit einer gestanzten M\u00fcnze versehen.","twitter_image":"https:\/\/www.spirit-of-sylt.com\/shop\/wp-content\/uploads\/2021\/06\/SPIRIT_of_SYLT_Halskette_r_b_2.jpg","twitter_misc":{"Gesch\u00e4tzte Lesezeit":"1\u00a0Minute"},"schema":{"@context":"https:\/\/schema.org","@graph":[{"@type":"WebPage","@id":"https:\/\/www.spirit-of-sylt.com\/shop\/produkt\/sos-beach-kette-magenta-beere\/","url":"https:\/\/www.spirit-of-sylt.com\/shop\/produkt\/sos-beach-kette-magenta-beere\/","name":"SOS Beach-Kette \"Magenta & Beere\" - SOS SPIRIT of SYLT Shop Sylt -","isPartOf":{"@id":"https:\/\/www.spirit-of-sylt.com\/shop\/#website"},"primaryImageOfPage":{"@id":"https:\/\/www.spirit-of-sylt.com\/shop\/produkt\/sos-beach-kette-magenta-beere\/#primaryimage"},"image":{"@id":"https:\/\/www.spirit-of-sylt.com\/shop\/produkt\/sos-beach-kette-magenta-beere\/#primaryimage"},"thumbnailUrl":"https:\/\/www.spirit-of-sylt.com\/shop\/wp-content\/uploads\/2021\/06\/SPIRIT_of_SYLT_Halskette_r_b_1.jpg","datePublished":"2021-06-28T17:23:11+00:00","dateModified":"2021-10-12T07:13:07+00:00","description":"Alle Ketten von SPIRIT of SYLT werden auf Sylt individuell per Hand geflochten und mit einer gestanzten M\u00fcnze versehen.","breadcrumb":{"@id":"https:\/\/www.spirit-of-sylt.com\/shop\/produkt\/sos-beach-kette-magenta-beere\/#breadcrumb"},"inLanguage":"de","potentialAction":[{"@type":"ReadAction","target":["https:\/\/www.spirit-of-sylt.com\/shop\/produkt\/sos-beach-kette-magenta-beere\/"]}]},{"@type":"ImageObject","inLanguage":"de","@id":"https:\/\/www.spirit-of-sylt.com\/shop\/produkt\/sos-beach-kette-magenta-beere\/#primaryimage","url":"https:\/\/www.spirit-of-sylt.com\/shop\/wp-content\/uploads\/2021\/06\/SPIRIT_of_SYLT_Halskette_r_b_1.jpg","contentUrl":"https:\/\/www.spirit-of-sylt.com\/shop\/wp-content\/uploads\/2021\/06\/SPIRIT_of_SYLT_Halskette_r_b_1.jpg","width":1500,"height":1500},{"@type":"BreadcrumbList","@id":"https:\/\/www.spirit-of-sylt.com\/shop\/produkt\/sos-beach-kette-magenta-beere\/#breadcrumb","itemListElement":[{"@type":"ListItem","position":1,"name":"Startseite","item":"https:\/\/www.spirit-of-sylt.com\/shop\/"},{"@type":"ListItem","position":2,"name":"Produkte","item":"https:\/\/www.spirit-of-sylt.com\/shop\/shop\/"},{"@type":"ListItem","position":3,"name":"SOS Beach-Kette &#8222;Magenta &#038; Beere&#8220;"}]},{"@type":"WebSite","@id":"https:\/\/www.spirit-of-sylt.com\/shop\/#website","url":"https:\/\/www.spirit-of-sylt.com\/shop\/","name":"SPIRIT of SYLT Shop","description":"Spirits, fashion &amp; more","publisher":{"@id":"https:\/\/www.spirit-of-sylt.com\/shop\/#organization"},"potentialAction":[{"@type":"SearchAction","target":{"@type":"EntryPoint","urlTemplate":"https:\/\/www.spirit-of-sylt.com\/shop\/?s={search_term_string}"},"query-input":{"@type":"PropertyValueSpecification","valueRequired":true,"valueName":"search_term_string"}}],"inLanguage":"de"},{"@type":"Organization","@id":"https:\/\/www.spirit-of-sylt.com\/shop\/#organization","name":"SPIRIT of SYLT","url":"https:\/\/www.spirit-of-sylt.com\/shop\/","logo":{"@type":"ImageObject","inLanguage":"de","@id":"https:\/\/www.spirit-of-sylt.com\/shop\/#\/schema\/logo\/image\/","url":"https:\/\/www.spirit-of-sylt.com\/shop\/wp-content\/uploads\/2019\/07\/Logo_SOS_SHOP_NEU_2.jpg","contentUrl":"https:\/\/www.spirit-of-sylt.com\/shop\/wp-content\/uploads\/2019\/07\/Logo_SOS_SHOP_NEU_2.jpg","width":1417,"height":409,"caption":"SPIRIT of SYLT"},"image":{"@id":"https:\/\/www.spirit-of-sylt.com\/shop\/#\/schema\/logo\/image\/"},"sameAs":["https:\/\/www.facebook.com\/Spirit.of.Sylt.Livesyle.Shop","https:\/\/www.youtube.com\/channel\/UCCi3vslS2xWVD-ieL-eVymQ"]}]}},"_links":{"self":[{"href":"https:\/\/www.spirit-of-sylt.com\/shop\/wp-json\/wp\/v2\/product\/3277","targetHints":{"allow":["GET"]}}],"collection":[{"href":"https:\/\/www.spirit-of-sylt.com\/shop\/wp-json\/wp\/v2\/product"}],"about":[{"href":"https:\/\/www.spirit-of-sylt.com\/shop\/wp-json\/wp\/v2\/types\/product"}],"replies":[{"embeddable":true,"href":"https:\/\/www.spirit-of-sylt.com\/shop\/wp-json\/wp\/v2\/comments?post=3277"}],"wp:featuredmedia":[{"embeddable":true,"href":"https:\/\/www.spirit-of-sylt.com\/shop\/wp-json\/wp\/v2\/media\/3278"}],"wp:attachment":[{"href":"https:\/\/www.spirit-of-sylt.com\/shop\/wp-json\/wp\/v2\/media?parent=3277"}],"wp:term":[{"taxonomy":"product_brand","embeddable":true,"href":"https:\/\/www.spirit-of-sylt.com\/shop\/wp-json\/wp\/v2\/product_brand?post=3277"},{"taxonomy":"product_cat","embeddable":true,"href":"https:\/\/www.spirit-of-sylt.com\/shop\/wp-json\/wp\/v2\/product_cat?post=3277"},{"taxonomy":"product_tag","embeddable":true,"href":"https:\/\/www.spirit-of-sylt.com\/shop\/wp-json\/wp\/v2\/product_tag?post=3277"}],"curies":[{"name":"wp","href":"https:\/\/api.w.org\/{rel}","templated":true}]}}